{"id":2985,"date":"2022-04-28T09:00:07","date_gmt":"2022-04-28T06:00:07","guid":{"rendered":"https:\/\/ljkka.lt\/wp-content\/uploads\/2022\/04\/LJKKA-garbes-prezidentas-2022.jpg"},"modified":"2022-04-28T09:00:56","modified_gmt":"2022-04-28T06:00:56","slug":"ljkka-garbes-prezidentas-2022-2","status":"inherit","type":"attachment","link":"https:\/\/ljkka.lt\/en\/ljkka-garbes-prezidentas-2022-2\/","title":{"rendered":"LJKKA garbes prezidentas 2022"},"author":3,"featured_media":0,"comment_status":"closed","ping_status":"closed","template":"","meta":[],"class_list":["post-2985","attachment","type-attachment","status-inherit","hentry"],"acf":[],"description":{"rendered":"<p class=\"attachment\"><a href='https:\/\/ljkka.lt\/wp-content\/uploads\/2022\/04\/LJKKA-garbes-prezidentas-2022-scaled.jpg'><img loading=\"lazy\" decoding=\"async\" width=\"300\" height=\"200\" src=\"https:\/\/ljkka.lt\/wp-content\/uploads\/2022\/04\/LJKKA-garbes-prezidentas-2022-300x200.jpg\" class=\"attachment-medium size-medium\" alt=\"\" srcset=\"https:\/\/ljkka.lt\/wp-content\/uploads\/2022\/04\/LJKKA-garbes-prezidentas-2022-300x200.jpg 300w, https:\/\/ljkka.lt\/wp-content\/uploads\/2022\/04\/LJKKA-garbes-prezidentas-2022-1024x683.jpg 1024w, https:\/\/ljkka.lt\/wp-content\/uploads\/2022\/04\/LJKKA-garbes-prezidentas-2022-768x512.jpg 768w, https:\/\/ljkka.lt\/wp-content\/uploads\/2022\/04\/LJKKA-garbes-prezidentas-2022-1536x1024.jpg 1536w, https:\/\/ljkka.lt\/wp-content\/uploads\/2022\/04\/LJKKA-garbes-prezidentas-2022-2048x1365.jpg 2048w\" sizes=\"auto, (max-width: 300px) 100vw, 300px\" \/><\/a><\/p>\n<p>Nuotr. aut.: Vita Jurevi\u010dien\u0117 (&#8220;Vakar\u0173 ekspresas&#8221;). <\/p>\n"},"caption":{"rendered":"<p>Nuotr. aut.: Vita Jurevi\u010dien\u0117 (&#8220;Vakar\u0173 ekspresas&#8221;).<\/p>\n"},"alt_text":"","media_type":"image","mime_type":"image\/jpeg","media_details":{"width":2560,"height":1707,"file":"2022\/04\/LJKKA-garbes-prezidentas-2022-scaled.jpg","sizes":{"medium":{"file":"LJKKA-garbes-prezidentas-2022-300x200.jpg","width":300,"height":200,"mime_type":"image\/jpeg","source_url":"https:\/\/ljkka.lt\/wp-content\/uploads\/2022\/04\/LJKKA-garbes-prezidentas-2022-300x200.jpg"},"large":{"file":"LJKKA-garbes-prezidentas-2022-1024x683.jpg","width":1024,"height":683,"mime_type":"image\/jpeg","source_url":"https:\/\/ljkka.lt\/wp-content\/uploads\/2022\/04\/LJKKA-garbes-prezidentas-2022-1024x683.jpg"},"thumbnail":{"file":"LJKKA-garbes-prezidentas-2022-150x150.jpg","width":150,"height":150,"mime_type":"image\/jpeg","source_url":"https:\/\/ljkka.lt\/wp-content\/uploads\/2022\/04\/LJKKA-garbes-prezidentas-2022-150x150.jpg"},"medium_large":{"file":"LJKKA-garbes-prezidentas-2022-768x512.jpg","width":768,"height":512,"mime_type":"image\/jpeg","source_url":"https:\/\/ljkka.lt\/wp-content\/uploads\/2022\/04\/LJKKA-garbes-prezidentas-2022-768x512.jpg"},"1536x1536":{"file":"LJKKA-garbes-prezidentas-2022-1536x1024.jpg","width":1536,"height":1024,"mime_type":"image\/jpeg","source_url":"https:\/\/ljkka.lt\/wp-content\/uploads\/2022\/04\/LJKKA-garbes-prezidentas-2022-1536x1024.jpg"},"2048x2048":{"file":"LJKKA-garbes-prezidentas-2022-2048x1365.jpg","width":2048,"height":1365,"mime_type":"image\/jpeg","source_url":"https:\/\/ljkka.lt\/wp-content\/uploads\/2022\/04\/LJKKA-garbes-prezidentas-2022-2048x1365.jpg"},"full":{"file":"LJKKA-garbes-prezidentas-2022-scaled.jpg","width":2560,"height":1707,"mime_type":"image\/jpeg","source_url":"https:\/\/ljkka.lt\/wp-content\/uploads\/2022\/04\/LJKKA-garbes-prezidentas-2022-scaled.jpg"}},"image_meta":{"aperture":"7.1","credit":"","camera":"NIKON Z 6_2","caption":"","created_timestamp":"1651058775","copyright":"","focal_length":"50","iso":"1000","shutter_speed":"0.016666666666667","title":"","orientation":"1","keywords":[]},"original_image":"LJKKA-garbes-prezidentas-2022.jpg"},"post":null,"source_url":"https:\/\/ljkka.lt\/wp-content\/uploads\/2022\/04\/LJKKA-garbes-prezidentas-2022-scaled.jpg","_links":{"self":[{"href":"https:\/\/ljkka.lt\/en\/wp-json\/wp\/v2\/media\/2985","targetHints":{"allow":["GET"]}}],"collection":[{"href":"https:\/\/ljkka.lt\/en\/wp-json\/wp\/v2\/media"}],"about":[{"href":"https:\/\/ljkka.lt\/en\/wp-json\/wp\/v2\/types\/attachment"}],"author":[{"embeddable":true,"href":"https:\/\/ljkka.lt\/en\/wp-json\/wp\/v2\/users\/3"}],"replies":[{"embeddable":true,"href":"https:\/\/ljkka.lt\/en\/wp-json\/wp\/v2\/comments?post=2985"}]}}

<p class="attachment"><a href='https://ljkka.lt/wp-content/uploads/2022/04/LJKKA-garbes-prezidentas-2022-scaled.jpg'><img loading="lazy" decoding="async" width="300" height="200" src="https://ljkka.lt/wp-content/uploads/2022/04/LJKKA-garbes-prezidentas-2022-300x200.jpg" class="attachment-medium size-medium" alt="" srcset="https://ljkka.lt/wp-content/uploads/2022/04/LJKKA-garbes-prezidentas-2022-300x200.jpg 300w, https://ljkka.lt/wp-content/uploads/2022/04/LJKKA-garbes-prezidentas-2022-1024x683.jpg 1024w, https://ljkka.lt/wp-content/uploads/2022/04/LJKKA-garbes-prezidentas-2022-768x512.jpg 768w, https://ljkka.lt/wp-content/uploads/2022/04/LJKKA-garbes-prezidentas-2022-1536x1024.jpg 1536w, https://ljkka.lt/wp-content/uploads/2022/04/LJKKA-garbes-prezidentas-2022-2048x1365.jpg 2048w" sizes="auto, (max-width: 300px) 100vw, 300px" /></a></p>
<p>Nuotr. aut.: Vita Jurevičienė (&#8220;Vakarų ekspresas&#8221;). </p>

<p>Nuotr. aut.: Vita Jurevičienė (&#8220;Vakarų ekspresas&#8221;).</p>
